t d(i) be the first derivative of p(i). What is d(3)?
6
Let c(p) = -14*p + 1. Suppose -a + 4*x - 229 = 0, 5*x = 5*a + 1054 + 151. Let d = 246 + a. Calculate c(d).
-13
Let y(o) = -o**2 + 5*o - 2. Let x be (-24)/(-2)*-3*4/18. Let w(k) = k**2 + 6*k - 11. Let p be w(x). Suppose p*v + 0 = 20. Calculate y(v).
2
Let a(p) = -169*p - 675. Let b = -15580 - -15576. Determine a(b).
1
Let o = -23 - -354. Suppose o = -5*h + 301. Let p(k) = -k**3 - 7 - k + 2*k**3 + 0 + 6*k**2. Calculate p(h).
-1
Let u(c) = 16*c - 140. Let p be u(9). Suppose 17*h = 22*h - 100. Let j(z) = -h*z + 21*z - 2 + 0. Give j(p).
2
Let v(z) be the third derivative of -z**5/60 - z**4/24 + 5*z**3/2 + 1042*z**2. Calculate v(-7).
-27
Suppose -a = 4*g + 10, a - 502*g = -505*g - 11. Let p(h) = -2*h**3 - 28*h**2 + 17. What is p(a)?
17
Let b(a) = -3*a**2 + 3*a - 3. Let j(o) = -5*o**2 - 14*o - 4. Suppose 4*w = -29 + 21. Let x be j(w). Determine b(x).
-39
Suppose -6*g = 20 + 28. Let c(y) = 18*y**2 - 9*y + 1. Let p(m) = -11*m**2 + 4*m. Let q(d) = -3*c(d) - 5*p(d). Calculate q(g).
5
Let u(d) = 6*d + 4. Suppose -7*s = 43 - 981. Suppose 2 = -136*v + s*v. Give u(v).
-2
Let l(i) = -1238*i + i**2 - 1275*i - 6 + 2508*i. Let j be 2/(1 - 4/6). Calculate l(j).
0
Let z(k) = 49*k**2 - 2*k + 3. Suppose 4*c - 19 = 11*t, 19*t = 4*c + 16*t - 11. Determine z(c).
195
Let t(g) = g**3 + 3*g**2 - 7*g - 18. Let y be t(-4). Suppose 4 = -5*f + 19. Let i(m) = 4*m + 1. Let z(n) = 11*n + 3. Let d(k) = f*z(k) - 8*i(k). Calculate d(y).
-5
Let f be -305 - -324 - (-40)/(-2). Let z(h) = 11*h**2 - 2*h + 1. Determine z(f).
14
Let m = 16591 + -16586. Let y(t) = 2*t**2 + 4*t - 73. Calculate y(m).
-3
Let r(y) = 13 + 8*y + 7*y + y**2 - 15*y - 4 - 2*y. Calculate r(2).
9
Let p = 2 + 1. Let m(v) = -2 + 0*v - v + p*v. Let r = 19532 + -19534. What is m(r)?
-6
Let z(f) = f**2 + 3. Suppose 5*h = 2*w - 29, -w + 50*h = 49*h - 10. Give z(w).
52
Let t(b) = 2*b + 3. Let f(i) = -2*i - 4. Let k(v) = -3*f(v) - 2*t(v). Suppose 0 = 319*p - 320*p + 5. What is k(p)?
16
Let p(c) = -c**3 - 6*c**2 + 68*c - 37. Let k = 28921 + -28933. Give p(k).
11
Let z(q) = q. Let l(i) = -i**3 - 9*i**2 - 13*i - 18. Let f be l(-7). Let b(h) = -h**3 - 26*h**2 - 25*h + 5. Let g be b(f). Calculate z(g).
5
Suppose -82*f = -84*f + 4. Let c(p) = -p**3 + p**2 + 3 - 1 - 6*p + p**2 - 8*p**f. Determine c(-5).
7
Suppose -3*j + 6 = 12. Let c be (4 - 5) + 0 + 0 + 3. Let a(f) = 2*f**2 + c*f - f**2 - 5*f - 2 + f. Determine a(j).
6
Let q(u) = u**3 + u**2 - u - 1. Let k(i) = 5*i**3 + 26*i**2 - 105*i + 23. Let h(a) = -k(a) + 6*q(a). What is h(12)?
7
Let c(u) be the second derivative of -154*u + u**2 + 1/12*u**4 - 1/6*u**3 + 0. Give c(0).
2
Let a(i) = -i**3 + 21*i**2 + 25*i - 30. Let x(f) = 2*f**3 - 40*f**2 - 48*f + 59. Let d(v) = 11*a(v) + 6*x(v). Determine d(10).
-6
Let d(v) be the first derivative of -5/2*v**2 + 2/3*v**3 - 138 + 4*v. Calculate d(3).
7
Let b(z) be the first derivative of 3*z**2/2 - 13*z - 1335. Let q be (-1)/(-3) - (-23)/3. Give b(q).
11
Let x(z) = 3*z**2 - 22*z + 7. Let r be x(7). Let g(h) = h**2 + 7*h + 7. Let v be g(r). Let a(o) = o**3 - 6*o**2 - 8*o - 7. Give a(v).
-14
Let f(w) = -w**3 + 34*w**2 - 57*w - 228. Let h be f(32). Let a(m) = -2*m**3 - 3*m**2 + 2*m - 1. What is a(h)?
71
Let u(a) be the third derivative of -a**4/8 - 2*a**3/3 - 15*a**2. Let c(z) = -z**3 + 2*z**2 + 23*z - 3. Let y be c(6). Let g be (-18)/21*42/y. Give u(g).
-16
Let d be 2/(-4)*6*(-6)/(-9). Let z be (11 - 2 - 2)*2340/210. Let y(t) = -156*t + 77*t + z*t. What is y(d)?
2
Suppose 7*w - 46 = -16*w. Let d(h) = 5*h**3 + 2*h + 17*h**2 - 50*h**w + 33*h**2 - h. Give d(1).
6
Let f = 22 - 17. Suppose 4*p - 8 = -u, -f*u = p - 0 - 2. Let c(x) = x**3 - 2*x**2 - 2*x + 1. Determine c(p).
-3
Let l = 260 - 258. Suppose 4*j - 21 - l = 5*w, 22 = 3*j + w. Let h(t) = 2*t + 1. Determine h(j).
15
Let r(d) = d**2 - 9*d - 25. Let f be 2198/785 - (-29)/(-5). What is r(f)?
11
Let v(o) = -o**2 - 5*o - 2. Let f(d) be the third derivative of -d**4/6 - 26*d**3/3 + 24*d**2. Let j be f(-19). Suppose -9*r = -15*r - j. Give v(r).
2
Suppose 36 = -82*s + 94*s. Let o(u) = -7*u - 2*u**3 + 1 + 9*u - u - s*u + 3*u**2. Determine o(2).
-7
Let y = -1186 + 1191. Suppose u + 12 = y*x, 8*x - 4*x = 5*u - 3. Let h(l) = -5*l + 4*l - 3 + 9*l. What is h(x)?
21
Let u(h) be the third derivative of -1/120*h**6 + 9 + 3/8*h**4 + 0*h + 5*h**2 - 1/12*h**5 + 1/6*h**3. Determine u(-6).
-17
Suppose 4*f - 9 = -25. Let u(l) = -8852*l + 38. Let q be u(-9). Let s(j) = j - q + 79706. Give s(f).
-4
Let m(h) = -15*h + 2. Let a(p) = -89*p + 13. Let z(j) = -2*a(j) + 11*m(j). Calculate z(-7).
-95
Suppose 46 = 5*z + 2*p, 0*p - 38 = -4*z - 2*p. Let c(t) = -679405*t + 2 - 10 - 3*t**2 - 2 + 2 + 679416*t + 2*t**2. What is c(z)?
16
Suppose -4*w - 1 = 15. Let s(l) = l**2 - 12*l + 2. Let c be s(12). Let n(r) = -9 - 2*r - r**c + 4 + 7. Calculate n(w).
-6
Let h(u) = 3301*u - 1655*u - 13 - 1627*u. Give h(7).
120
Let l(y) = -3*y**3 + 10*y**2 + 3*y - 6. Let h be 1 - 3 - (-17 + 11). Give l(h).
-26
Let y(k) be the second derivative of -k**4/2 + 9*k**3 + 2*k**2 - 6894*k. Determine y(9).
4
Let s(d) = -2*d + 1. Suppose w + 65 = 35. Let y be -30 + 0 + 3/1. Let n = w - y. Calculate s(n).
7
Let u(n) = 10*n + 19*n - 30*n - 1 - n**2 + 0. Let z = -37 - -61. Let d(h) = 2*h - 46. Let p be d(z). Determine u(p).
-7
Let c(y) = -14*y**3 + 3*y**2 + y - 2. Let u be c(-1). Let g(k) = 54 + k**3 - u*k**2 - 2*k**3 - 112 - 13*k + 59. Determine g(-13).
1
Let r(w) = -6 + 7 - 4*w**2 - 24*w**2 + 22*w**2. Determine r(1).
-5
Let n be 6 - (-552)/(-460)*((-2)/4 + -2). Let j(x) be the first derivative of -1/2*x**2 - n - 21*x. Calculate j(0).
-21
Let n be 0/((29 - 27)/((-3)/(-3))). Let y(b) be the third derivative of 14*b**2 + 0*b + n - 1/24*b**4 - 7/6*b**3. Give y(-9).
2
Let z = -1 + 2. Let i = 2 + z. Let s(y) = -y - 254. Let r(g) = -g - 203. Let w(f) = 5*r(f) - 4*s(f). What is w(i)?
-2
Let p(c) be the first derivative of -13*c**2 + 285*c - 2598. What is p(11)?
-1
Suppose 0 = -z + 2*y - 5, 0 = -2*z + 3*y + 2*y - 6. Let w = -14 - z. Let x(f) = 13*f + 13. Let q(a) = 3*a + 3. Let m(b) = 9*q(b) - 2*x(b). What is m(w)?
0
Let h(u) = -11*u**3 - 17*u**2 - 2*u + 8. Let j(m) = -5*m**3 - 7*m**2 - m + 4. Let w(q) = 6*h(q) - 13*j(q). Let t be (-162)/15 - (8/(-10) + 1). What is w(t)?
-15
Let q(m) = -2 + 20*m + 9*m**2 - 2*m - 14*m. Let y(n) be the second derivative of 17*n**4/12 + 7*n**3/6 - 3*n**2/2 + 5*n. Let f(z) = 5*q(z) - 3*y(z). Give f(-1).
-6
Let j(n) = -2*n + 3*n + 0*n - 3. Suppose 0 = 3*f + 3*p + 18, -2*p - 4 = 6. Let i be ((-6)/10 + (-72)/30)/f. Calculate j(i).
0
Let p(o) = 4*o**3 + 10*o**2 + 6*o + 19. Let g be (5 - 6)/(1 - (-10)/(-12)). Let b(h) = -2*h**3 - 5*h**2 - 3*h - 9. Let y(x) = g*p(x) - 13*b(x). Give y(-2).
1
Let u(c) = c**2 - 3*c - 1. Let g(q) = -4*q**2 - 59*q - 210. Let j be g(-8). What is u(j)?
17
Suppose 2114*g - 2084*g = -480. Let c(x) = 2*x**3 + 31*x**2 - 15*x + 12. What is c(g)?
-4
Let c(y) be the third derivative of 11*y - 5/6*y**3 + 0 + 0*y**4 + 1/10*y**5 - 3*y**2 + 1/120*y**6. Let t be 6/(1 + (-3 - -1)). What is c(t)?
-5
Let d(s) = s**3 - 7*s**2 + 3*s - 9. Suppose 6 = -l + 4, 2*v - 3*l + 74 = 0. Let q(f) = -f**3 - 41*f**2 - 39*f + 47. Let m be q(v). Calculate d(m).
12
Let c(n) = -n**3 + 6*n**2 - 3*n - 7. Let y be ((-2)/(-4))/((-19)/266). Let r be (y - -4 - 3)*10. Let p be (-10)/(-4)*(r/(-5))/6. What is c(p)?
3
Let r(c) = -2*c - 12. Let y(t) = 9*t + 66. Let h(m) = -5*r(m) - y(m). Calculate h(8).
2
Let c(t) be the third derivative of -t**5/30 - 3*t**4/8 + t**3/6 - 933*t**2. Suppose 0*p + 5 = -p. What is c(p)?
-4
Let v(j) = 18*j**2 + 1297*j + 68. Let m be v(-72). Let g(k) = k + 15. What is g(m)?
11
Let m be (-12 + 1)/(1 - 0). Let f = 6 + m. Let g(q) be the third derivative of -q**5/60 - 5*q**4/24 + q**3 + 2*q**2 - 2904*q + 2. Calculate g(f).
6
Let y(m) = m**3 - 14*m**2 - 16*m + 17. Let i(z) = z**3 - 45*z**2 - 3652*z + 99. Let h be i(-42). Determine y(h).
2
Suppose 5*g - 15 = v, 0 = -29*v + 25*v - 3*g - 14. Let j(x) = -2*x**2 - 10*x + 2. Calculate j(v).
2
Let p(r) = 3*r - 59. Let h(j) = 10*j**3 - 376*j**2 - 150*j - 63. Let k be h(38). Determine p(k).
-20
Let g = 15 - 13. Let c(q) = -3*q + 9 - 1 - 9 + q**g. Let l(i) = 5*i**2 - 2*i + 3. Let m be l(1). Determine c(m).
17
Let l be (5109/262)/(-1 + (-5)